{"id":1517,"date":"2024-07-03T15:19:52","date_gmt":"2024-07-03T15:19:52","guid":{"rendered":"https:\/\/isisbeachwear.com\/?post_type=product&#038;p=1517"},"modified":"2024-11-29T16:51:50","modified_gmt":"2024-11-29T16:51:50","slug":"bikini-media-tasa","status":"publish","type":"product","link":"https:\/\/isisbeachwear.com\/?product=bikini-media-tasa","title":{"rendered":"Bikini Media Tasa"},"content":{"rendered":"","protected":false},"excerpt":{"rendered":"<p>Top media tasa liso o estampado. El modelo tiene abombamiento y tirantes ajustables. Todos los accesorios son de metal inoxidable ba\u00f1ados en oro 24 kilates. Esta prenda contiene tecnolog\u00eda LYCRA\u00ae XTRA LIFE\u2122 + SolarMax\u2122, que proporciona resistencia al cloro, cremas, lociones, aceites y protectores solares, conservando tu prenda durante m\u00e1s tiempo y aumentando su durabilidad. Esta tecnolog\u00eda tambi\u00e9n ofrece protecci\u00f3n contra los rayos UVA y UVB y SPF 50+.<\/p>\n<p><strong>Colores<\/strong>: 12<\/p>\n","protected":false},"featured_media":0,"comment_status":"open","ping_status":"closed","template":"","meta":[],"product_cat":[130,132],"product_tag":[],"class_list":{"0":"post-1517","1":"product","2":"type-product","3":"status-publish","5":"product_cat-bikinis","6":"product_cat-media-taza","8":"first","9":"instock","10":"shipping-taxable","11":"purchasable","12":"product-type-variable"},"_links":{"self":[{"href":"https:\/\/isisbeachwear.com\/index.php?rest_route=\/wp\/v2\/product\/1517","targetHints":{"allow":["GET"]}}],"collection":[{"href":"https:\/\/isisbeachwear.com\/index.php?rest_route=\/wp\/v2\/product"}],"about":[{"href":"https:\/\/isisbeachwear.com\/index.php?rest_route=\/wp\/v2\/types\/product"}],"replies":[{"embeddable":true,"href":"https:\/\/isisbeachwear.com\/index.php?rest_route=%2Fwp%2Fv2%2Fcomments&post=1517"}],"version-history":[{"count":2,"href":"https:\/\/isisbeachwear.com\/index.php?rest_route=\/wp\/v2\/product\/1517\/revisions"}],"predecessor-version":[{"id":1572,"href":"https:\/\/isisbeachwear.com\/index.php?rest_route=\/wp\/v2\/product\/1517\/revisions\/1572"}],"wp:attachment":[{"href":"https:\/\/isisbeachwear.com\/index.php?rest_route=%2Fwp%2Fv2%2Fmedia&parent=1517"}],"wp:term":[{"taxonomy":"product_cat","embeddable":true,"href":"https:\/\/isisbeachwear.com\/index.php?rest_route=%2Fwp%2Fv2%2Fproduct_cat&post=1517"},{"taxonomy":"product_tag","embeddable":true,"href":"https:\/\/isisbeachwear.com\/index.php?rest_route=%2Fwp%2Fv2%2Fproduct_tag&post=1517"}],"curies":[{"name":"wp","href":"https:\/\/api.w.org\/{rel}","templated":true}]}}